- -12. Calculate the greatest common divisor of w and 117.
9
Let m(s) = 2*s**2 + 8. Let b be m(6). Let v = 23 - 3. Calculate the greatest common divisor of b and v.
20
Suppose 2*t - 3*s = -97 + 559, 930 = 4*t - 3*s. Calculate the greatest common divisor of t and 26.
26
Suppose 3 = -2*f + 3*x, 2*f + 2*x - 13 = -1. Suppose 7*g + 16 = f*g. Let v = g - -8. Calculate the highest common factor of 10 and v.
2
Suppose -4*x + 0*x + 736 = 0. Suppose 3*s + s = x. Calculate the greatest common divisor of 115 and s.
23
Suppose 25 = 3*w - 8. Let i = -1 + w. What is the greatest common divisor of i and 30?
10
Suppose 3*r = 3*m + m + 24, -10 = -4*r - 2*m. Suppose 0 = -r*h - 5*z + 2 + 58, -2*h - 2*z + 28 = 0. What is the highest common divisor of h and 4?
2
Suppose 17 = 2*o - 7. What is the highest common factor of 6 and o?
6
Let z be ((-33)/6)/(5/(-10)). What is the greatest common divisor of z and 55?
11
Let h be 2*(4 - 9/3). Suppose -a = o + h*o - 6, -26 = -a + o. What is the greatest common divisor of a and 14?
7
Let p(l) = -l. Let x(v) be the first derivative of 3*v**2/2 + 3*v - 3. Let o(s) = -4*p(s) - x(s). Let h be o(4). What is the greatest common factor of h and 11?
1
Let c = 18 + -4. Calculate the highest common factor of c and 14.
14
Suppose 4*y + 0*w - 4*w = 32, w - 4 = 0. What is the highest common factor of 96 and y?
12
Let t = 25 + -19. Calculate the greatest common divisor of 54 and t.
6
Let n = 14 + -9. Suppose -4*c + 64 = 4*y, n*y + 3*c - 80 = 7*c. Calculate the greatest common divisor of 32 and y.
16
Let k(y) = 2*y**2 + 2*y - 2. Let i be k(-2). Let f = -5 + 9. Suppose 5*s = -3*l + f, l = 3*s + i - 10. What is the highest common factor of 10 and s?
2
Let p(k) = 3*k + k + k**2 + 0*k**2 - 6*k**3 - 2*k + 1. Let w be p(-1). What is the highest common factor of 4 and w?
2
Let s = -25 + 29. Suppose 260 = z + s*z. What is the greatest common divisor of 13 and z?
13
Let v = 8 - 3. Let c be 73/3 - 2/(-3). Calculate the highest common divisor of v and c.
5
Let q be 16 - (-3)/(-3) - 0. Let f(k) = -7*k + 1. Let m be f(-2). What is the greatest common divisor of m and q?
15
Let t(z) = -5*z**3 - z**2 + 1. Let v be t(-1). Suppose -v*k = -0*k - 165. What is the greatest common divisor of k and 3?
3
Let q be 7/(2/((-4)/(-2))). Let t(s) = s**2 + 10. Let b be t(-7). Suppose 3*g + 2*g - 64 = -4*v, g = -3*v + b. What is the greatest common divisor of q and v?
7
Let u(o) be the first derivative of 2*o**3/3 - 3*o**2/2 + o - 2. Let f be u(5). What is the highest common divisor of 12 and f?
12
Suppose -d + 2 = 5*r - 1, 0 = 4*d + r - 31. Calculate the highest common divisor of 4 and d.
4
Let g(p) = p**2 - 8*p + 12. Let m be g(10). What is the highest common factor of m and 16?
16
Suppose -3 = -3*b - 0, 0 = 4*n - 4*b - 68. Suppose 0*k + 166 = k - a, -2*k + 3*a + 336 = 0. Calculate the highest common factor of n and k.
18
Suppose 2*p - 5*p = -12. Let m be (1/(-1))/(p/(-20)). Let d(z) = -z**2 + 5*z + 2. Let a be d(m). What is the highest common factor of a and 22?
2
Let c = 16 - 8. Let v = c - -2. Calculate the highest common divisor of v and 4.
2
Let p(w) = 8*w - 1. Let y be p(2). Suppose l + 8 = -2. Let m = y - l. Calculate the highest common factor of m and 10.
5
Let w(o) = 27*o + 8. Let q be w(6). Calculate the greatest common factor of 68 and q.
34
Let o be 86 + (-2 + 3)*2. Calculate the highest common divisor of 11 and o.
11
Let p be 1/((-2)/(-52) - 0). What is the highest common factor of p and 104?
26
Let t = 5 - 1. Let y(l) = 4*l - 4. Let a be y(t). Let s(z) = z**2 + 3*z - 1. Let c be s(-4). Calculate the highest common divisor of c and a.
3
Suppose 0 = 5*f - 4*r - 566, -9*f = -5*f - 5*r - 451. What is the highest common factor of 76 and f?
38
Suppose 0 = -3*l + x + x + 505, x = -4*l + 655. What is the greatest common divisor of 15 and l?
15
Suppose 0*t + 2*t - 44 = q, 4*t + 3*q = 68. Suppose 0 = -y - i + 9, t = 5*i - 0. Calculate the highest common divisor of y and 20.
5
Let d = 8 + -4. Suppose -5*c + 3*g + d = -5, 3 = 3*c - 3*g. Suppose -2*k = c*k - 105. Calculate the greatest common factor of k and 7.
7
Suppose 5*g - 3 - 22 = -d, -5*d + 79 = 2*g. Suppose 0 = 3*u - 33 - 57. Calculate the highest common factor of u and d.
15
Let r = 3 + -1. Let p(i) = 0*i**r + 1 - i**2 - 10*i + 2*i. Let m be p(-7). What is the greatest common factor of m and 72?
8
Suppose 26*t - 29*t = -39. Let y be 13*1*5/5. Suppose 2*s = s + y. Calculate the greatest common factor of s and t.
13
Let i = 81 - 19. Let u = i - 43. Let k be (-24 - -10)/((-4)/38). What is the highest common factor of k and u?
19
Let h(x) = x + 41. Let m be h(-16). What is the greatest common factor of m and 175?
25
Let j(t) = -6*t - 3. Let h(n) = n**2 + 8*n - 12. Let d be h(-9). Let p be j(d). Let v = p + -7. Calculate the greatest common factor of 72 and v.
8
Let x(h) = -8*h - 10. Let c be x(-3). What is the highest common factor of 35 and c?
7
Suppose -3 = -y - 1. Suppose 5*j + 35 - 5 = 5*w, -32 = -y*w - 3*j. Let g be (-1)/(-3) + 295/15. What is the greatest common divisor of w and g?
10
Let b be (10/(-6))/(5/(-18)). What is the highest common factor of 9 and b?
3
Suppose -280 = -5*t + t. Calculate the highest common factor of 10 and t.
10
Let n = 123 + -96. What is the highest common factor of 18 and n?
9
Let v = -5 + 10. Let h(b) = -7*b + 3*b**2 + 4*b**2 + 4*b**3 - 5*b**3 + 5. Let u be h(v). Calculate the greatest common factor of 10 and u.
10
Let c(d) = 3*d + 2. Let v be c(2). Suppose -3*j - 3*h + 0*h = -60, 0 = j + 2*h - 24. Let r = 28 - j. What is the greatest common divisor of v and r?
4
Let n = -48 - -148. Calculate the greatest common factor of n and 25.
25
Let c be (-30)/(2/(8/(-6))). Calculate the highest common divisor of c and 60.
20
Let f(j) = j + 19. Let q be f(-9). Suppose -16 = -0*a - 4*a. Calculate the greatest common factor of a and q.
2
Let k(u) = -u + 10. Let s be k(8). What is the highest common divisor of 20 and s?
2
Let y = 31 - 29. Suppose -5*c = -2*a - 19, -3*a - c + 4 = -y*c. Suppose -5*m - 3*b = -33, 3*m + 2*m - 27 = 3*b. What is the greatest common divisor of a and m?
3
Let g(q) = 2*q**2 + 5*q - 6. Let t be g(-5). Suppose 2*i + 3*j + 4 = t, -3*i - j + 19 = 0. Calculate the highest common divisor of 18 and i.
6
Suppose -6*t = 3*h - t - 38, 3*t + 15 = 0. Suppose -2*w + 0*w - 3*i = -h, -4*i + 23 = w. What is the greatest common divisor of w and 2?
1
Let a(f) = -23*f**3 - f**2 - f - 1. Let s be a(-1). What is the highest common divisor of s and 220?
22
Let n(f) = f + 12. Let w be n(-5). Calculate the greatest common factor of w and 1.
1
Let w = -9 + 24. What is the highest common divisor of w and 105?
15
Let i = 0 + 6. Let h = i - -5. What is the highest common factor of h and 55?
11
Let r be (2 + -6)*(-9)/12. Suppose 5*g - 92 = -2*y, -4*g + r*y = -y - 96. Calculate the greatest common factor of g and 80.
20
Suppose 2*w = -2*w + 4*h + 140, 2*w - 3*h - 73 = 0. Calculate the greatest common factor of w and 4.
4
Suppose k - 75 = 4*g, 0*g + 4*g = 5*k - 87. Let i be -1 - (g/3 - 3). Let c = 17 + 71. What is the highest common factor of i and c?
8
Suppose -3*f - 2*j + 485 = -4*j, 4*j - 515 = -3*f. Calculate the highest common divisor of f and 66.
33
Let v(k) be the third derivative of k**5/60 - 3*k**4/8 + 5*k**3/6 - 3*k**2. Let q be v(9). What is the greatest common divisor of q and 45?
5
Let b = 11 + -7. Let n(q) = q**3 - 3*q**2 - 3. Let c be n(b). Suppose 0 = -0*w + 2*w - 286. Calculate the highest common divisor of c and w.
13
Let c = -190 + 99. Let w be (-606)/10 - 2/5. Let q = w - c. Calculate the greatest common factor of q and 10.
10
Let n(g) = -2*g + 22. Let x be n(5). Let q be ((-2 - -4) + -1)*22. Suppose 5*j = -d + 16, -5*d - q - 6 = -2*j. What is the highest common factor of x and j?
4
Let z(a) = 13*a**2 + 11*a + 9. Let f(j) = 7*j**2 + 6*j + 5. Let g(q) = -11*f(q) + 6*z(q). Let i be g(4). What is the greatest common divisor of i and 75?
15
Let w(o) = 6*o**3 + 2*o + 3. Let n be w(3). Suppose 3*g = 0, 0 = 4*j - g - 0*g - 168. Suppose -j = -3*u + 15. Calculate the greatest common divisor of u and n.
19
Let y = 14 + -9. Let z = 1 - -2. Suppose 0 = z*x + 2*x - 10. What is the highest common factor of x and y?
1
Suppose -5*r + 49 = -2*r - 2*c, 3*c = 4*r - 64. Calculate the greatest com